{"id":1370,"date":"2017-11-08T09:50:31","date_gmt":"2017-11-08T09:50:31","guid":{"rendered":"http:\/\/open.ieec.uned.es\/iot\/?page_id=1370"},"modified":"2017-11-08T09:50:31","modified_gmt":"2017-11-08T09:50:31","slug":"pfcs-tfms-tesis","status":"publish","type":"page","link":"https:\/\/open.ieec.uned.es\/iot\/educacion\/pfcs-tfms-tesis\/","title":{"rendered":"PFGs, TFMs y Tesis"},"content":{"rendered":"<p><img loading=\"lazy\" src=\"http:\/\/open.ieec.uned.es\/iot\/wp-content\/uploads\/2017\/11\/pfcs2-300x94.jpg\" alt=\"\" width=\"100%\" height=\"auto\" \/><\/p>\n<p>Es posible la realizaci\u00f3n de Proyectos Fin de Grado y M\u00e1ster, as\u00ed como de Tesis doctorales sobre temas relacionados con el Internet de las Cosas e Industria 4.0 con supervisi\u00f3n de profesores del grupo. Se debe solicitar en el siguiente enlace:<\/p>\n<p><a href=\"http:\/\/www.ieectqai.uned.es\/propuestos.asp\">http:\/\/www.ieectqai.uned.es\/propuestos.asp<\/a><\/p>\n<p>Algunos de los proyectos ya finalizados son:<\/p>\n<ul>\n<li>Proyecto Investigaci\u00f3n en el desarrollo con Arduino y Raspberry Pi de un Smart Device basado en una estaci\u00f3n meteorol\u00f3gica a trav\u00e9s de servicios desacoplados (2014).<\/li>\n<li>Proyecto Investigaci\u00f3n en el desarrollo con Arduino y Raspberry Pi de un Smart Device basado en una estaci\u00f3n meteorol\u00f3gica a trav\u00e9s de servicios desacoplados (2014).<\/li>\n<li>VLSI design and implementation of RFID anti-collision protocols (2015).<\/li>\n<li>Modelado de librer\u00eda de Sensores para Arduino (2015).<\/li>\n<li>GESTI\u00d3N DE VULNERABILIDADES DE SEGURIDAD EN DESARROLLOS ELECTR\u00d3NICOS BASADOS EN ARDUINO (2015).<\/li>\n<li>GESTI\u00d3N DE VULNERABILIDADES DE SEGURIDAD EN DESARROLLOS ELECTR\u00d3NICOS BASADOS EN SISTEMAS EMBEBIDOS (2015).AN\u00c1LISIS DE SEGURIDAD DE APLICACIONES M\u00d3VILES DESARROLLADAS CON FRAMEWORKS CROSS-PLATFORM (2015).<\/li>\n<li>VLSI Design and Implementation of RFID Anti-Collision Protocols (2015).<\/li>\n<li>SIMULACION DE SEGURIDAD DE ENTORNOS INDUSTRIALES MEDIANTE HONEYPOTS (2015).<\/li>\n<li>Gesti\u00f3n de vulnerabilidades de seguridad en desarrollos electr\u00f3nicos basados en dispositivos con sistema operativo. An\u00e1lisis de Raspberry Pi (2017).<\/li>\n<\/ul>\n","protected":false},"excerpt":{"rendered":"<div class=\"slide-text-bg2\"><span>Es posible la realizaci\u00f3n de Proyectos Fin de Grado y M\u00e1ster, as\u00ed como de Tesis doctorales sobre temas relacionados con el Internet de las Cosas e Indus<\/span><\/div>\n<div class=\"slide-btn-area-sm\"><a href=\"https:\/\/open.ieec.uned.es\/iot\/educacion\/pfcs-tfms-tesis\/\" class=\"slide-btn-sm\">Read More<\/a><\/div>\n","protected":false},"author":1,"featured_media":1402,"parent":1281,"menu_order":0,"comment_status":"closed","ping_status":"closed","template":"","meta":[],"_links":{"self":[{"href":"https:\/\/open.ieec.uned.es\/iot\/wp-json\/wp\/v2\/pages\/1370"}],"collection":[{"href":"https:\/\/open.ieec.uned.es\/iot\/wp-json\/wp\/v2\/pages"}],"about":[{"href":"https:\/\/open.ieec.uned.es\/iot\/wp-json\/wp\/v2\/types\/page"}],"author":[{"embeddable":true,"href":"https:\/\/open.ieec.uned.es\/iot\/wp-json\/wp\/v2\/users\/1"}],"replies":[{"embeddable":true,"href":"https:\/\/open.ieec.uned.es\/iot\/wp-json\/wp\/v2\/comments?post=1370"}],"version-history":[{"count":0,"href":"https:\/\/open.ieec.uned.es\/iot\/wp-json\/wp\/v2\/pages\/1370\/revisions"}],"up":[{"embeddable":true,"href":"https:\/\/open.ieec.uned.es\/iot\/wp-json\/wp\/v2\/pages\/1281"}],"wp:featuredmedia":[{"embeddable":true,"href":"https:\/\/open.ieec.uned.es\/iot\/wp-json\/"}],"wp:attachment":[{"href":"https:\/\/open.ieec.uned.es\/iot\/wp-json\/wp\/v2\/media?parent=1370"}],"curies":[{"name":"wp","href":"https:\/\/api.w.org\/{rel}","templated":true}]}}