{"id":36,"date":"2016-05-21T22:00:14","date_gmt":"2016-05-21T22:00:14","guid":{"rendered":"http:\/\/open.ieec.uned.es\/e-health\/?page_id=36"},"modified":"2016-05-21T22:00:14","modified_gmt":"2016-05-21T22:00:14","slug":"investigacion","status":"publish","type":"page","link":"https:\/\/open.ieec.uned.es\/e-health\/investigacion\/","title":{"rendered":"Investigaci\u00f3n"},"content":{"rendered":"<p><strong>Tesis doctorales:<\/strong><\/p>\n<ul>\n<li>T\u00edtulo: Detectores de Ca\u00eddas para Tel\u00e9fonos Inteligentes Basados en Algoritmos de Detecci\u00f3n de Novedad.\u00a0Doctorando: Carlos Tom\u00e1s Medrano S\u00e1nchez, 2015.\u00a0Direcci\u00f3n: Manuel Castro y Inmaculada Plaza Garc\u00eda.\u00a0Universidad: Universidad Nacional de Educaci\u00f3n a Distancia.\u00a0Escuela T\u00e9cnica Superior de Ingenieros Industriales.\u00a0Fecha: 2015.<\/li>\n<li>T\u00edtulo: Autenticaci\u00f3n por Huella Dactilar en Sistemas de Gesti\u00f3n de Aprendizaje y au An\u00e1lisis Emp\u00edrico en Estudiantes de Ingenier\u00eda.\u00a0Doctorando: Rosario Gil Ortego.\u00a0Direcci\u00f3n: Manuel Castro. Co-direcci\u00f3n: Gabriel D\u00edaz Orueta.\u00a0Universidad: Universidad Nacional de Educaci\u00f3n a Distancia.\u00a0Escuela T\u00e9cnica Superior de Ingenieros Industriales.\u00a0Fecha: 2010<\/li>\n<\/ul>\n<p><strong>Trabajos Fin de\u00a0M\u00e1ster:<\/strong><\/p>\n<ul>\n<li class=\"p1\">INVESTIGACI\u00d3N EN LA INTERACCI\u00d3N SOCIAL DE ROBOTS CON HUMANOS Y SU\u00a0APLICACI\u00d3N EN: INDUSTRIA, ENFERMOS, ANCIANOS, NI\u00d1OS, ENTRETENIMIENTO Y EN EL\u00a0SECTOR MILITAR. JAVIER N\u00da\u00d1EZ L\u00d3PEZ. Direcci\u00f3n: Sergio Mart\u00edn.\u00a0Universidad: Universidad Nacional de Educaci\u00f3n a Distancia.\u00a0Escuela T\u00e9cnica Superior de Ingenieros Industriales.\u00a0Fecha: 2014.<\/li>\n<\/ul>\n<p><strong>Proyectos Fin de Grado \/ Carrera<\/strong>:<\/p>\n<ul>\n<li class=\"p1\">e-Physio: Desarrollo de Sistema M\u00f3vil para monitorizaci\u00f3n muscular basado en Arduino.\u00a0Direcci\u00f3n: Sergio Mart\u00edn y Elio San Cristobal.\u00a0Universidad: Universidad Nacional de Educaci\u00f3n a Distancia.\u00a0Escuela T\u00e9cnica Superior de Ingenieros Industriales.\u00a0Fecha: 2016.<\/li>\n<li class=\"p1\">Sistema de Control de ca\u00edda mediante un sistema m\u00f3vil. Luis Miguel S\u00e1nchez Fern\u00e1ndez.\u00a0Direcci\u00f3n: Sergio Mart\u00edn.\u00a0Universidad: Universidad Nacional de Educaci\u00f3n a Distancia.\u00a0Escuela T\u00e9cnica Superior de Ingenieros Industriales.\u00a0Fecha: 2014.<\/li>\n<li class=\"p1\">Movimiento de ejes de brazo de robot con Arduino. Luis Mar\u00eda Iruretagoyena Zald\u00faa.\u00a0Direcci\u00f3n: Sergio Mart\u00edn.\u00a0Universidad: Universidad Nacional de Educaci\u00f3n a Distancia.\u00a0Escuela T\u00e9cnica Superior de Ingenieros Industriales.\u00a0Fecha: 2013.<\/li>\n<li class=\"p1\">Sistema Android de Monitorizaci\u00f3n de posici\u00f3n y ca\u00edda. Jes\u00fas Guti\u00e9rrez. Fecha: 2012.<\/li>\n<li class=\"p1\">Dise\u00f1o y desarrollo de una aplicaci\u00f3n m\u00f3vil basada en Android para localizaci\u00f3n y seguimiento de dependientes. Javier Caro Souto. Direcci\u00f3n: Sergio Mart\u00edn.\u00a0Universidad: Universidad Nacional de Educaci\u00f3n a Distancia.\u00a0Escuela T\u00e9cnica Superior de Ingenieros Industriales.\u00a0Fecha: 2012.<\/li>\n<li class=\"p1\">Estudio y desarrollo de mecanismos de interacci\u00f3n inal\u00e1mbrica a trav\u00e9s de Wiimote. Antonio\u00a0Rafael Trigo Algar.Direcci\u00f3n: Sergio Mart\u00edn.\u00a0Universidad: Universidad Nacional de Educaci\u00f3n a Distancia.\u00a0Escuela T\u00e9cnica Superior de Ingenieros Industriales.\u00a0Fecha: 2011.<\/li>\n<\/ul>\n<p>&nbsp;<\/p>\n<p><strong>Otros trabajos de investigaci\u00f3n:<\/strong><\/p>\n<ul>\n<li class=\"p1\">Modeling e-health environments based on Open hardware microcontrollers. Prudencio Ruiz-Olivares Garcia. Direcci\u00f3n: Sergio Mart\u00edn.\u00a0Universidad: Universidad Nacional de Educaci\u00f3n a Distancia.\u00a0Escuela T\u00e9cnica Superior de Ingenieros Industriales.\u00a0Fecha: 2016.<\/li>\n<\/ul>\n","protected":false},"excerpt":{"rendered":"<p>Tesis doctorales: T\u00edtulo: Detectores de Ca\u00eddas para Tel\u00e9fonos Inteligentes Basados en Algoritmos de Detecci\u00f3n de Novedad.\u00a0Doctorando: Carlos Tom\u00e1s Medrano S\u00e1nchez, 2015.\u00a0Direcci\u00f3n: Manuel Castro y Inmaculada Plaza Garc\u00eda.\u00a0Universidad: Universidad Nacional de Educaci\u00f3n a Distancia.\u00a0Escuela T\u00e9cnica Superior&#8230;<\/p>\n","protected":false},"author":1,"featured_media":0,"parent":0,"menu_order":2,"comment_status":"closed","ping_status":"closed","template":"","meta":[],"_links":{"self":[{"href":"https:\/\/open.ieec.uned.es\/e-health\/wp-json\/wp\/v2\/pages\/36"}],"collection":[{"href":"https:\/\/open.ieec.uned.es\/e-health\/wp-json\/wp\/v2\/pages"}],"about":[{"href":"https:\/\/open.ieec.uned.es\/e-health\/wp-json\/wp\/v2\/types\/page"}],"author":[{"embeddable":true,"href":"https:\/\/open.ieec.uned.es\/e-health\/wp-json\/wp\/v2\/users\/1"}],"replies":[{"embeddable":true,"href":"https:\/\/open.ieec.uned.es\/e-health\/wp-json\/wp\/v2\/comments?post=36"}],"version-history":[{"count":0,"href":"https:\/\/open.ieec.uned.es\/e-health\/wp-json\/wp\/v2\/pages\/36\/revisions"}],"wp:attachment":[{"href":"https:\/\/open.ieec.uned.es\/e-health\/wp-json\/wp\/v2\/media?parent=36"}],"curies":[{"name":"wp","href":"https:\/\/api.w.org\/{rel}","templated":true}]}}